*w - 1861. Calculate the remainder when 316 is divided by f(-45).
26
Let g = -2743 + 2758. What is the remainder when 320 is divided by g?
5
Let o(h) = -47*h**2 + 6*h - 8. Let f be o(1). Let z = 180 + -98. Let w = f + z. What is the remainder when 98 is divided by w?
32
Let g = -10131 + 10191. What is the remainder when 191 is divided by g?
11
Let w = 8472 + -2203. Calculate the remainder when w is divided by 98.
95
Let b(d) = 5*d**2 + 1162*d - 5852. Calculate the remainder when 19669 is divided by b(5).
81
Suppose 0 = 5*c - 2*i - 238, -3*c - 2*i + 108 + 22 = 0. Suppose c*r - 51*r + 50 = 0. What is the remainder when 59 is divided by r?
9
Let t = 2551 + -2375. What is the remainder when t is divided by 6?
2
Suppose -3683 = -17*t + 756 - 172. Calculate the remainder when 985 is divided by t.
232
What is the remainder when (-1)/(-16) - (-6)/(-96)*-115215 is divided by 277?
276
Suppose 43 = 3*x + 2*g, g + 55 = 3*x - 0*g. Let v(m) = -2*m**3 - m**2 + 2*m - 4. Let r be v(2). Calculate the remainder when 15/r*(-3 + -57) is divided by x.
11
Suppose -3*b = 5*p - 1244, -4*p - 3*b = -509 - 485. Calculate the remainder when p is divided by 136.
114
Let t = -8639 + 8726. Let j = -36 + 52. Calculate the remainder when t is divided by j.
7
Let i = -174 - -471. Let s = 410 - i. Calculate the remainder when s is divided by 19.
18
What is the remainder when 3/(((152/1768)/(-19))/(2/(-6))) is divided by 2/(-4) - 153/(-6)?
21
Suppose 90 = 33*j - 85 - 56. What is the remainder when 9253 is divided by j?
6
Let b = 5 + -1. Suppose -13 = -4*p - 5*k, -b*p + 5*k - 11 = -7*p. Suppose p*g - 6 = 8. What is the remainder when 16 is divided by g?
2
Suppose 12*v = 30*v - 13*v. Suppose v = -7*p + 3577 + 826. Calculate the remainder when p is divided by 42.
41
Let z(c) = -166*c - 1238. Calculate the remainder when z(-9) is divided by 29.
24
Let p(x) = 4*x**2 + x. Let m = 24 + -23. Let a be p(m). Suppose 18 = v + 3*k, -4 + 30 = v - a*k. What is the remainder when 144 is divided by v?
18
Let c(o) = o**3 - o**2 - o - 18. Let k be c(0). Let m = k + 257. Calculate the remainder when m is divided by 27.
23
Let l(w) = w**3 + 4*w**2 - 6*w - 5. Let r be l(-5). Suppose 0 = -r*p + p - 39. Let v = p + 34. What is the remainder when v is divided by 25?
23
What is the remainder when 731 is divided by (-9 + 10)*(-5)/(20/(-76))?
9
Suppose 121*w - 133*w + 77*w = 8190. Calculate the remainder when 11841 is divided by w.
123
Let t = -212 - -86. Let m = -122 - t. Suppose -27 = -z - m*p - p, 5*z = 3*p + 163. What is the remainder when z is divided by 11?
10
Let y = 438 + -439. Calculate the remainder when 78 is divided by -2 + (y/(-2))/(3/126).
2
Suppose 444 = p + 4*n + 366, -214 = -4*p - 2*n. Calculate the remainder when 4747 is divided by p.
47
Let g(w) = 140*w**3 + 6*w - 6. Let x = 207 + -206. Calculate the remainder when g(x) is divided by 36.
32
Let x(w) = -w**3 + 13*w**2 + 16*w + 11. Let d be x(14). Let u(r) = d*r + 0*r**2 - r**2 - 4 - 48*r. What is the remainder when 54 is divided by u(-6)?
12
Suppose -195*u + 197*u - l - 108 = 0, -4*l - 224 = -4*u. Calculate the remainder when 1120 is divided by u.
28
Let g(c) = -2*c**3 + 58*c**2 + 6*c - 15. Let u = 40 + -8. Calculate the remainder when g(29) is divided by u.
31
What is the remainder when (-4)/2 - 1188/(-3) is divided by 29 - ((-115)/30 - (-6 - (-74)/12))?
31
Suppose 2*j - 40 = -2*v, v = 2*v - 5*j - 38. Let d be 3398/(-10) - (-11 + 2)/(-45). Let g = -250 - d. What is the remainder when g is divided by v?
21
Let y = 5 + -1. Let w be y/(-18) - 6/108*-418. Suppose -w = -o + 15. What is the remainder when o is divided by 23?
15
Let w(g) = 2*g + 31. Let t(r) = r. Let m(f) = -t(f) + w(f). Let b be m(0). Let n = 39 - b. Calculate the remainder when n is divided by 5.
3
Let s(h) = h**3 + 6*h**2 + 2*h + 2. Suppose -3*i + d = -8*i + 1595, -2*d + 1270 = 4*i. Let a = -310 + i. What is the remainder when s(-4) is divided by a?
6
Suppose -3159 = 1570*i - 1597*i. What is the remainder when 401 is divided by i?
50
Suppose 3*q - 5*o + 24 = 5*q, 0 = 4*o - 16. Suppose 3*u + 3*d + 5 = 2, -4*d - 22 = -q*u. Calculate the remainder when 28 is divided by u.
1
Calculate the remainder when (-28)/84*(-454 - 2) is divided by 81.
71
Suppose 172 = -23*m + 448. Calculate the remainder when 61 is divided by m.
1
Suppose -262*j + 257*j = -9*a - 1718, 4*a = -5*j + 1757. Calculate the remainder when j is divided by 157.
35
Let x be (-40)/(-220) - (-2 + (-26)/(-22)). Suppose 11 = 2*n + x, -y - n + 58 = 0. Calculate the remainder when 260 is divided by y.
48
Let i = -237 - -242. Suppose h - 20 - 33 = 2*u, h - 38 = i*u. What is the remainder when 943 is divided by h?
61
Suppose -95*o - 30169 = -152814. Calculate the remainder when o is divided by 21.
10
Suppose -4*b = 5*r - 167, 197 - 16 = 5*b - 3*r. Let z(j) = j**3 + 6*j**2 + 9*j + 6. What is the remainder when b is divided by z(-4)?
0
Suppose 172*m - 206 = 2302 + 1620. Let r(j) be the third derivative of j**5/60 + j**4/24 + 5*j**3/6 + 2*j**2. What is the remainder when r(6) is divided by m?
23
Let w = -13753 + 14679. What is the remainder when w is divided by 272?
110
Let o = -41608 + 41620. What is the remainder when 7388 is divided by o?
8
Let y(t) = 2*t**2 - 6*t - 30. Suppose -3*z - 4*j = 9, -3*j + 0 + 6 = -2*z. Calculate the remainder when 52 is divided by y(z).
4
Let z = -5205 + 5250. Calculate the remainder when 342 is divided by z.
27
Let g(d) = 8*d + 109 + 183 + 53 + 31. What is the remainder when g(0) is divided by 27?
25
Suppose 3472*i - 3458*i - 238 = 0. Calculate the remainder when ((-2 - -2) + -5)/(6/(-24)) is divided by i.
3
Let z(f) = -2*f**3 - 49*f**2 + 34*f + 230. Calculate the remainder when 1974 is divided by z(-25).
4
Let h(g) = -5*g + 125. Let t be h(17). Suppose -16 = -8*u + t. What is the remainder when 34 is divided by u?
6
Suppose 0 = -11*f + 4610 + 17278 + 70347. What is the remainder when f is divided by 9?
6
Suppose 9*h - 12*h + 7 = -2*x, 4*h - 21 = 5*x. What is the remainder when (x + 9 - 6) + 168 is divided by 17?
13
Let v be (-4 - -5)*(0 - -57). Suppose -3*d + 0*d = -v. Let j(k) = k**2 + 13*k - 7. Calculate the remainder when d is divided by j(-14).
5
Let l(o) = -14*o + 1125. What is the remainder when l(26) is divided by 127?
126
Let b = -335 - -479. Let i(r) = 2*r**3 + 15*r**2 + 8*r + 15. What is the remainder when b is divided by i(-6)?
69
Let b(m) be the first derivative of -5*m**4/4 - 4*m**3/3 + m**2/2 + 4*m + 17. Let s be b(2). Let r = -19 - s. What is the remainder when 61 is divided by r?
30
Let i(p) = -p**2 + 2*p + 23. Let z be ((-76)/(-12) - 6)/(1/15). Let k be i(z). Suppose 0 = -5*l + 147 + k. Calculate the remainder when 121 is divided by l.
28
Suppose -232692 + 33644 = -139*g. Calculate the remainder when g is divided by 31.
6
Let w(h) = -6 + 6 - h + 12. Suppose -5*y = -4142*a + 4136*a + 76, 4*a + 4*y = 124. Calculate the remainder when a is divided by w(0).
9
Let d(o) be the second derivative of 7*o**3/6 + 5*o**2 + 4*o - 1. Suppose n - 4 = -0, 3 = -3*h + 3*n. Calculate the remainder when d(h) is divided by 16.
15
Let s(k) = k**3 + 18*k**2 - 143*k + 22. Calculate the remainder when 99 is divided by s(6).
15
What is the remainder when ((-9)/4)/((-48)/(-128)) + 1665 is divided by 6?
3
Let s be 20/50 - (-298)/5. Suppose 8*m = 4*m + 28. Calculate the remainder when 1164/s + 2/(-5) is divided by m.
5
Let o be 1188/(-24)*10/(-3). Suppose -g + 81 = 3*f - f, 0 = -5*f + 5*g + o. Suppose 3*r - f = r. What is the remainder when r is divided by 5?
4
Suppose 55 = 14*s - 11*s + 4*m, 2*s + 5*m = 46. Calculate the remainder when 3080 is divided by s.
12
Let v = 212 + -212. Suppose j - 31*j + 420 = v. Calculate the remainder when 445 is divided by j.
11
Suppose -11*s = -33*s - 13*s + 105. What is the remainder when 187 is divided by s?
1
Suppose -18*x + 1761 = -9183. What is the remainder when x is divided by 24?
8
Let n be 10334/16 - 24/(-192). Suppose -104 - n = -15*c. Calculate the remainder when 162 is divided by c.
12
Suppose 0 = -16*b + 1500 + 1636. Suppose -6*t + 20*t = b. Let s = -23 + 60. Calculate the remainder when s is divided by t.
9
Suppose -3*y - 7 = 29. Let v = 29 + y. Suppose 2*b - 5*o - 109 = 0, 4*b + 4*o = 3*o + 185. Calculate the remainder when b is divided by v.
13
Suppose